{"id":3458,"date":"2023-07-30T12:37:12","date_gmt":"2023-07-30T12:37:12","guid":{"rendered":"https:\/\/phantaso.com\/?post_type=product&#038;p=3458"},"modified":"2023-08-12T18:18:20","modified_gmt":"2023-08-12T18:18:20","slug":"phantaso-baby-cologne","status":"publish","type":"product","link":"https:\/\/phantaso.com\/index.php\/urun\/phantaso-baby-cologne\/","title":{"rendered":"Phantaso Baby Cologne"},"content":{"rendered":"<div class=\"page\" title=\"Page 1\">\n<table>\n<tbody>\n<tr>\n<td>\n<div class=\"layoutArea\">\n<div class=\"column\">\n<p>Saf ve yumus\u0327akt\u0131r<br \/>\nBebeg\u0306inizin ve siz aile bireylerinin cildini ferahlatarak canland\u0131r\u0131r.<\/p>\n<p>Hassas ciltler ic\u0327in gelis\u0327tirilmis\u0327 formu\u0308lu\u0308 ile hem siz yetis\u0327kinler hem de bebekleriniz ic\u0327in tamamen uygundur.<\/p>\n<p>Bebek Kolonyas\u0131 Anti Alerjen bir u\u0308ru\u0308nu\u0308mu\u0308zdu\u0308r.<\/p>\n<\/div>\n<\/div>\n<\/td>\n<\/tr>\n<tr>\n<td>\n<div class=\"layoutArea\">\n<div class=\"column\">\n<p>Alerjen I\u0307c\u0327ermeyen Esans kullan\u0131lmaktad\u0131r.<\/p>\n<p>Paraben yoktur.<\/p>\n<p>Koruyucu yoktur.<\/p>\n<p>Hassas ve anti Allergen formu\u0308lu\u0308 ile Aile bireyleri ve bebeg\u0306inize tu\u0308m gu\u0308n gu\u0308venli ferahl\u0131k, temizlik sag\u0306lamaktad\u0131r.<\/p>\n<p>Bebeg\u0306inizin saf ve duru tenine uyumlu olarak tasarlanm\u0131s\u0327t\u0131r.<\/p>\n<p>Bebeklerin yumus\u0327ak cildine go\u0308re tasarlanan bu kolonya, kad\u0131n ve erkeklerin kullan\u0131m\u0131 ic\u0327in de uygundur. &#8221; Phantaso Baby&#8221; ile bebeg\u0306iniz ferahl\u0131k ve dog\u0306all\u0131k hissini yas\u0327ayacak. Siz ise gu\u0308n boyu tazelig\u0306i u\u0308zerinizde hissedeceksiniz.<\/p>\n<\/div>\n<\/div>\n<\/td>\n<\/tr>\n<\/tbody>\n<\/table>\n<\/div>\n","protected":false},"excerpt":{"rendered":"<p>Saf ve yumus\u0327akt\u0131r Bebeg\u0306inizin ve siz aile bireylerinin cildini ferahlatarak canland\u0131r\u0131r. Hassas ciltler ic\u0327in gelis\u0327tirilmis\u0327 formu\u0308lu\u0308 ile hem siz yetis\u0327kinler hem de [&hellip;]<\/p>\n","protected":false},"featured_media":3643,"comment_status":"closed","ping_status":"closed","template":"","meta":[],"product_cat":[38],"product_tag":[],"class_list":["post-3458","product","type-product","status-publish","has-post-thumbnail","hentry","product_cat-kolonya"],"_links":{"self":[{"href":"https:\/\/phantaso.com\/index.php\/wp-json\/wp\/v2\/product\/3458","targetHints":{"allow":["GET"]}}],"collection":[{"href":"https:\/\/phantaso.com\/index.php\/wp-json\/wp\/v2\/product"}],"about":[{"href":"https:\/\/phantaso.com\/index.php\/wp-json\/wp\/v2\/types\/product"}],"replies":[{"embeddable":true,"href":"https:\/\/phantaso.com\/index.php\/wp-json\/wp\/v2\/comments?post=3458"}],"wp:featuredmedia":[{"embeddable":true,"href":"https:\/\/phantaso.com\/index.php\/wp-json\/wp\/v2\/media\/3643"}],"wp:attachment":[{"href":"https:\/\/phantaso.com\/index.php\/wp-json\/wp\/v2\/media?parent=3458"}],"wp:term":[{"taxonomy":"product_cat","embeddable":true,"href":"https:\/\/phantaso.com\/index.php\/wp-json\/wp\/v2\/product_cat?post=3458"},{"taxonomy":"product_tag","embeddable":true,"href":"https:\/\/phantaso.com\/index.php\/wp-json\/wp\/v2\/product_tag?post=3458"}],"curies":[{"name":"wp","href":"https:\/\/api.w.org\/{rel}","templated":true}]}}